{"id":380,"date":"2022-01-24T10:33:01","date_gmt":"2022-01-24T10:33:01","guid":{"rendered":"https:\/\/www.properaz.ch\/four-a-pain\/?page_id=380"},"modified":"2024-11-02T09:02:09","modified_gmt":"2024-11-02T09:02:09","slug":"devenir-membre-afapp","status":"publish","type":"page","link":"https:\/\/www.properaz.ch\/four-a-pain\/association-du-four-a-pain-de-properaz\/devenir-membre-afapp\/","title":{"rendered":"Devenir <span class=\"bold\">Membre<\/span >de l&rsquo;AFAPP"},"content":{"rendered":"\n<h2 class=\"wp-block-heading\"><strong>Devenir membre du four \u00e0 pain de Prop\u00e9raz<\/strong><\/h2>\n\n\n\n<hr class=\"wp-block-separator\"\/>\n\n\n\n<p>L\u2019Association pour la sauvegarde du four \u00e0 pain de Prop\u00e9raz compte aujourd\u2019hui une centaine de membres. En versant une <strong>cotisation annuelle de 30 francs<\/strong>, ils soutiennent activement le four. En outre, ils sont inform\u00e9s personnellement du <a href=\"https:\/\/www.properaz.ch\/calendrier\/calendrier.html\">CALENDRIER,<\/a> des fourn\u00e9es de pain et ont la possibilit\u00e9, dans la mesure des disponibilit\u00e9s, d\u2019acqu\u00e9rir du pain confectionn\u00e9s dans le four de Prop\u00e9raz. Vous trouverez plus d\u2019informations dans les <a href=\"https:\/\/www.properaz.ch\/statuts\/statuts.html\">statuts de l&rsquo;AFAPP.<\/a><\/p>\n\n\n\n<p>Vous souhaitez <strong>soutenir le four \u00e0 pain de Prop\u00e9raz<\/strong> et devenir membre ? Merci de compl\u00e9ter le <strong>FORMULAIRE<\/strong><a href=\"https:\/\/www.properaz.ch\/membres\/membres.html#\">.<\/a> ci-dessous.<\/p>\n\n\n<div class=\"wpforms-container wpforms-container-full wpforms-block\" id=\"wpforms-367\"><form id=\"wpforms-form-367\" class=\"wpforms-validate wpforms-form wpforms-ajax-form\" data-formid=\"367\" method=\"post\" enctype=\"multipart\/form-data\" action=\"\/four-a-pain\/wp-json\/wp\/v2\/pages\/380\" data-token=\"18f5315cfad479ff8298db45c6342dd6\" data-token-time=\"1778671612\"><noscript class=\"wpforms-error-noscript\">Veuillez activer JavaScript dans votre navigateur pour remplir ce formulaire.<\/noscript><div class=\"wpforms-field-container\"><div id=\"wpforms-367-field_0-container\" class=\"wpforms-field wpforms-field-name\" data-field-id=\"0\"><label class=\"wpforms-field-label\">Name <span class=\"wpforms-required-label\">*<\/span><\/label><div class=\"wpforms-field-row wpforms-field-medium\"><div class=\"wpforms-field-row-block wpforms-first wpforms-one-half\"><input type=\"text\" id=\"wpforms-367-field_0\" class=\"wpforms-field-name-first wpforms-field-required\" name=\"wpforms[fields][0][first]\" required><label for=\"wpforms-367-field_0\" class=\"wpforms-field-sublabel after\">Pr\u00e9nom<\/label><\/div><div class=\"wpforms-field-row-block wpforms-one-half\"><input type=\"text\" id=\"wpforms-367-field_0-last\" class=\"wpforms-field-name-last wpforms-field-required\" name=\"wpforms[fields][0][last]\" required><label for=\"wpforms-367-field_0-last\" class=\"wpforms-field-sublabel after\">Nom<\/label><\/div><\/div><\/div><div id=\"wpforms-367-field_3-container\" class=\"wpforms-field wpforms-field-text\" data-field-id=\"3\"><label class=\"wpforms-field-label\" for=\"wpforms-367-field_3\">Adresse <span class=\"wpforms-required-label\">*<\/span><\/label><input type=\"text\" id=\"wpforms-367-field_3\" class=\"wpforms-field-medium wpforms-field-required\" name=\"wpforms[fields][3]\" required><\/div><div id=\"wpforms-367-field_4-container\" class=\"wpforms-field wpforms-field-text\" data-field-id=\"4\"><label class=\"wpforms-field-label\" for=\"wpforms-367-field_4\">NPA <span class=\"wpforms-required-label\">*<\/span><\/label><input type=\"text\" id=\"wpforms-367-field_4\" class=\"wpforms-field-medium wpforms-field-required\" name=\"wpforms[fields][4]\" required><\/div><div id=\"wpforms-367-field_6-container\" class=\"wpforms-field wpforms-field-text\" data-field-id=\"6\"><label class=\"wpforms-field-label\" for=\"wpforms-367-field_6\">Ville <span class=\"wpforms-required-label\">*<\/span><\/label><input type=\"text\" id=\"wpforms-367-field_6\" class=\"wpforms-field-medium wpforms-field-required\" name=\"wpforms[fields][6]\" required><\/div><div id=\"wpforms-367-field_7-container\" class=\"wpforms-field wpforms-field-number\" data-field-id=\"7\"><label class=\"wpforms-field-label\" for=\"wpforms-367-field_7\">T\u00e9l\u00e9phone <span class=\"wpforms-required-label\">*<\/span><\/label><input type=\"number\" id=\"wpforms-367-field_7\" class=\"wpforms-field-medium wpforms-field-required\" name=\"wpforms[fields][7]\" step=\"any\" required><\/div><div id=\"wpforms-367-field_8-container\" class=\"wpforms-field wpforms-field-number\" data-field-id=\"8\"><label class=\"wpforms-field-label\" for=\"wpforms-367-field_8\">Mobile <span class=\"wpforms-required-label\">*<\/span><\/label><input type=\"number\" id=\"wpforms-367-field_8\" class=\"wpforms-field-medium wpforms-field-required\" name=\"wpforms[fields][8]\" step=\"any\" required><\/div><div id=\"wpforms-367-field_1-container\" class=\"wpforms-field wpforms-field-email\" data-field-id=\"1\"><label class=\"wpforms-field-label\" for=\"wpforms-367-field_1\">Email <span class=\"wpforms-required-label\">*<\/span><\/label><input type=\"email\" id=\"wpforms-367-field_1\" class=\"wpforms-field-medium wpforms-field-required\" name=\"wpforms[fields][1]\" spellcheck=\"false\" required><\/div><div id=\"wpforms-367-field_2-container\" class=\"wpforms-field wpforms-field-textarea\" data-field-id=\"2\"><label class=\"wpforms-field-label\" for=\"wpforms-367-field_2\">Message <span class=\"wpforms-required-label\">*<\/span><\/label><textarea id=\"wpforms-367-field_2\" class=\"wpforms-field-medium wpforms-field-required\" name=\"wpforms[fields][2]\" required><\/textarea><\/div><div id=\"wpforms-367-field_9-container\" class=\"wpforms-field wpforms-field-checkbox\" data-field-id=\"9\"><label class=\"wpforms-field-label\">Vous d\u00e9sirez devenir membre ou faire un don ?<\/label><ul id=\"wpforms-367-field_9\"><li class=\"choice-1 depth-1 wpforms-selected\"><input type=\"checkbox\" id=\"wpforms-367-field_9_1\" name=\"wpforms[fields][9][]\" value=\"Je d\u00e9sire \u00eatre membre de l&#039;Association pour une cotisation annuelle de Fr. 30.\u2013 \"   checked='checked'><label class=\"wpforms-field-label-inline\" for=\"wpforms-367-field_9_1\">Je d\u00e9sire \u00eatre membre de l&rsquo;Association pour une cotisation annuelle de Fr. 30.\u2013<\/label><\/li><li class=\"choice-2 depth-1\"><input type=\"checkbox\" id=\"wpforms-367-field_9_2\" name=\"wpforms[fields][9][]\" value=\"Je d\u00e9sire faire un don \u00e0 l&#039;Association pour contribuer \u00e0 son bon fonctionnement\"  ><label class=\"wpforms-field-label-inline\" for=\"wpforms-367-field_9_2\">Je d\u00e9sire faire un don \u00e0 l&rsquo;Association pour contribuer \u00e0 son bon fonctionnement<\/label><\/li><li class=\"choice-3 depth-1\"><input type=\"checkbox\" id=\"wpforms-367-field_9_3\" name=\"wpforms[fields][9][]\" value=\"Je d\u00e9sire recevoir des informations r\u00e9guli\u00e8res par E-mail \/ Newsletter \"  ><label class=\"wpforms-field-label-inline\" for=\"wpforms-367-field_9_3\">Je d\u00e9sire recevoir des informations r\u00e9guli\u00e8res par E-mail \/ Newsletter<\/label><\/li><li class=\"choice-4 depth-1\"><input type=\"checkbox\" id=\"wpforms-367-field_9_4\" name=\"wpforms[fields][9][]\" value=\"Je d\u00e9sire recevoir des informations r\u00e9guli\u00e8res par Facebook \"  ><label class=\"wpforms-field-label-inline\" for=\"wpforms-367-field_9_4\">Je d\u00e9sire recevoir des informations r\u00e9guli\u00e8res par Facebook<\/label><\/li><li class=\"choice-5 depth-1\"><input type=\"checkbox\" id=\"wpforms-367-field_9_5\" name=\"wpforms[fields][9][]\" value=\" Je ne d\u00e9sire pas recevoir des informations r\u00e9guli\u00e8res par E-mail \/ Newsletter \/ Facebook \"  ><label class=\"wpforms-field-label-inline\" for=\"wpforms-367-field_9_5\">Je ne d\u00e9sire pas recevoir des informations r\u00e9guli\u00e8res par E-mail \/ Newsletter \/ Facebook<\/label><\/li><\/ul><\/div><div id=\"wpforms-367-field_10-container\" class=\"wpforms-field wpforms-field-checkbox\" data-field-id=\"10\"><label class=\"wpforms-field-label\">Quel moyen de paiement d\u00e9sirez vous utiliser ?<\/label><ul id=\"wpforms-367-field_10\"><li class=\"choice-1 depth-1\"><input type=\"checkbox\" id=\"wpforms-367-field_10_1\" name=\"wpforms[fields][10][]\" value=\" Je d\u00e9sire payer par IBAN \"  ><label class=\"wpforms-field-label-inline\" for=\"wpforms-367-field_10_1\">Je d\u00e9sire payer par IBAN<\/label><\/li><li class=\"choice-2 depth-1\"><input type=\"checkbox\" id=\"wpforms-367-field_10_2\" name=\"wpforms[fields][10][]\" value=\"Je d\u00e9sire recevoir un bulletin de versement (BV) \"  ><label class=\"wpforms-field-label-inline\" for=\"wpforms-367-field_10_2\">Je d\u00e9sire recevoir un bulletin de versement (BV)<\/label><\/li><\/ul><\/div><\/div><!-- .wpforms-field-container --><div class=\"wpforms-recaptcha-container wpforms-is-recaptcha wpforms-is-recaptcha-type-invisible\" ><div class=\"g-recaptcha\" data-sitekey=\"6LdRc4QqAAAAALbpwApeaowbpAqVBIapPXmnN_z1\" data-size=\"invisible\"><\/div><\/div><div class=\"wpforms-submit-container\" ><input type=\"hidden\" name=\"wpforms[id]\" value=\"367\"><input type=\"hidden\" name=\"page_title\" value=\"\"><input type=\"hidden\" name=\"page_url\" value=\"https:\/\/www.properaz.ch\/four-a-pain\/wp-json\/wp\/v2\/pages\/380\"><input type=\"hidden\" name=\"url_referer\" value=\"\"><button type=\"submit\" name=\"wpforms[submit]\" id=\"wpforms-submit-367\" class=\"wpforms-submit\" data-alt-text=\"En route...\" data-submit-text=\"Envoyer\" aria-live=\"assertive\" value=\"wpforms-submit\">Envoyer<\/button><img loading=\"lazy\" decoding=\"async\" src=\"https:\/\/www.properaz.ch\/four-a-pain\/wp-content\/plugins\/wpforms-lite\/assets\/images\/submit-spin.svg\" class=\"wpforms-submit-spinner\" style=\"display: none;\" width=\"26\" height=\"26\" alt=\"Chargement en cours\"><\/div><\/form><\/div>  <!-- .wpforms-container -->","protected":false},"excerpt":{"rendered":"<p>Devenir membre du four \u00e0 pain de Prop\u00e9raz L\u2019Association pour la sauvegarde du four \u00e0 pain de Prop\u00e9raz compte aujourd\u2019hui une centaine de membres. En versant une cotisation annuelle de 30 francs, ils soutiennent activement le four. En outre, ils sont inform\u00e9s personnellement du CALENDRIER, des fourn\u00e9es de pain et ont la possibilit\u00e9, dans la [&hellip;]<\/p>\n","protected":false},"author":1,"featured_media":209,"parent":358,"menu_order":0,"comment_status":"closed","ping_status":"closed","template":"","meta":{"footnotes":""},"class_list":["post-380","page","type-page","status-publish","has-post-thumbnail","hentry"],"_links":{"self":[{"href":"https:\/\/www.properaz.ch\/four-a-pain\/wp-json\/wp\/v2\/pages\/380","targetHints":{"allow":["GET"]}}],"collection":[{"href":"https:\/\/www.properaz.ch\/four-a-pain\/wp-json\/wp\/v2\/pages"}],"about":[{"href":"https:\/\/www.properaz.ch\/four-a-pain\/wp-json\/wp\/v2\/types\/page"}],"author":[{"embeddable":true,"href":"https:\/\/www.properaz.ch\/four-a-pain\/wp-json\/wp\/v2\/users\/1"}],"replies":[{"embeddable":true,"href":"https:\/\/www.properaz.ch\/four-a-pain\/wp-json\/wp\/v2\/comments?post=380"}],"version-history":[{"count":2,"href":"https:\/\/www.properaz.ch\/four-a-pain\/wp-json\/wp\/v2\/pages\/380\/revisions"}],"predecessor-version":[{"id":507,"href":"https:\/\/www.properaz.ch\/four-a-pain\/wp-json\/wp\/v2\/pages\/380\/revisions\/507"}],"up":[{"embeddable":true,"href":"https:\/\/www.properaz.ch\/four-a-pain\/wp-json\/wp\/v2\/pages\/358"}],"wp:featuredmedia":[{"embeddable":true,"href":"https:\/\/www.properaz.ch\/four-a-pain\/wp-json\/wp\/v2\/media\/209"}],"wp:attachment":[{"href":"https:\/\/www.properaz.ch\/four-a-pain\/wp-json\/wp\/v2\/media?parent=380"}],"curies":[{"name":"wp","href":"https:\/\/api.w.org\/{rel}","templated":true}]}}