{"id":358,"date":"2022-01-21T19:31:49","date_gmt":"2022-01-21T19:31:49","guid":{"rendered":"https:\/\/www.properaz.ch\/four-a-pain\/?page_id=358"},"modified":"2024-11-03T05:51:31","modified_gmt":"2024-11-03T05:51:31","slug":"association-du-four-a-pain-de-properaz","status":"publish","type":"page","link":"https:\/\/www.properaz.ch\/four-a-pain\/association-du-four-a-pain-de-properaz\/","title":{"rendered":"L&rsquo;Association<br><span class=\"bold\">du four \u00e0 pain <\/span><br>de Prop\u00e9raz"},"content":{"rendered":"\n<h2 class=\"wp-block-heading\">Une association pour sauver notre patrimoine<\/h2>\n\n\n\n<hr class=\"wp-block-separator has-css-opacity\"\/>\n\n\n\n<p>Soucieux de conserver le <strong>four banal datant de 1663<\/strong> qui mena\u00e7ait de s\u2019\u00e9crouler, plusieurs habitants du quartier de Prop\u00e9raz \u00e0 Troistorrents se sont mobilis\u00e9s et ont cr\u00e9\u00e9, en 2010, l\u2019Association pour la sauvegarde du four \u00e0 pain de Prop\u00e9raz (ASFP).<\/p>\n\n\n\n<p>En 2012, le comit\u00e9 a r\u00e9ussi \u00e0 convaincre les vingt-quatre h\u00e9ritiers des cinq familles propri\u00e9taires (Aubert, Tagan, Lange, Marclay et Martenet) de l\u00e9guer, \u00e0 titre gracieux, leurs parts \u00e0 l\u2019association, preuve de la volont\u00e9 de tous de faire revivre cet important t\u00e9moin de l\u2019histoire r\u00e9gionale.<\/p>\n\n\n\n<p>Recherches de fond, travaux puis inauguration en mai 2015, l\u2019Association pour la sauvegarde du four \u00e0 pain de Prop\u00e9raz (ASFP) a men\u00e9 \u00e0 bien sa mission de sauvegarde et a donc chang\u00e9 de nom pour devenir l\u2019<strong>Association du four \u00e0 pain de Prop\u00e9raz (AFAPP)<\/strong>.<\/p>\n\n\n\n<p>Compos\u00e9e aujourd\u2019hui d\u2019un <a href=\"https:\/\/www.properaz.ch\/four-a-pain\/association-du-four-a-pain-de-properaz\/presentation-du-comite-afapp\/\" data-type=\"page\" data-id=\"377\">COMIT\u00c9 <\/a>de huit personnes et regroupant une centaine de <a href=\"https:\/\/www.properaz.ch\/four-a-pain\/association-du-four-a-pain-de-properaz\/devenir-membre-afapp\/\" data-type=\"page\" data-id=\"380\">MEMBRES <\/a>, elle s\u2019attache \u00e0 faire vivre ce patrimoine en organisant des <strong>fourn\u00e9es de pain plusieurs fois par ann\u00e9e.<\/strong><\/p>\n\n\n\n<figure class=\"wp-block-image size-full\"><img loading=\"lazy\" decoding=\"async\" width=\"842\" height=\"632\" src=\"https:\/\/www.properaz.ch\/four-a-pain\/wp-content\/uploads\/2022\/01\/2014_06.27_dem_toit_26_2-1.jpg\" alt=\"\" class=\"wp-image-361\" srcset=\"https:\/\/www.properaz.ch\/four-a-pain\/wp-content\/uploads\/2022\/01\/2014_06.27_dem_toit_26_2-1.jpg 842w, https:\/\/www.properaz.ch\/four-a-pain\/wp-content\/uploads\/2022\/01\/2014_06.27_dem_toit_26_2-1-300x225.jpg 300w, https:\/\/www.properaz.ch\/four-a-pain\/wp-content\/uploads\/2022\/01\/2014_06.27_dem_toit_26_2-1-768x576.jpg 768w\" sizes=\"auto, (max-width: 842px) 100vw, 842px\" \/><figcaption class=\"wp-element-caption\">Beaucoup de motivation des b\u00e9n\u00e9voles, pour s&rsquo;attaquer \u00e0 la r\u00e9novation du patrimoine valaisans<\/figcaption><\/figure>\n","protected":false},"excerpt":{"rendered":"<p>Une association pour sauver notre patrimoine Soucieux de conserver le four banal datant de 1663 qui mena\u00e7ait de s\u2019\u00e9crouler, plusieurs habitants du quartier de Prop\u00e9raz \u00e0 Troistorrents se sont mobilis\u00e9s et ont cr\u00e9\u00e9, en 2010, l\u2019Association pour la sauvegarde du four \u00e0 pain de Prop\u00e9raz (ASFP). En 2012, le comit\u00e9 a r\u00e9ussi \u00e0 convaincre les [&hellip;]<\/p>\n","protected":false},"author":1,"featured_media":209,"parent":0,"menu_order":0,"comment_status":"closed","ping_status":"closed","template":"","meta":{"footnotes":""},"class_list":["post-358","page","type-page","status-publish","has-post-thumbnail","hentry"],"_links":{"self":[{"href":"https:\/\/www.properaz.ch\/four-a-pain\/wp-json\/wp\/v2\/pages\/358","targetHints":{"allow":["GET"]}}],"collection":[{"href":"https:\/\/www.properaz.ch\/four-a-pain\/wp-json\/wp\/v2\/pages"}],"about":[{"href":"https:\/\/www.properaz.ch\/four-a-pain\/wp-json\/wp\/v2\/types\/page"}],"author":[{"embeddable":true,"href":"https:\/\/www.properaz.ch\/four-a-pain\/wp-json\/wp\/v2\/users\/1"}],"replies":[{"embeddable":true,"href":"https:\/\/www.properaz.ch\/four-a-pain\/wp-json\/wp\/v2\/comments?post=358"}],"version-history":[{"count":7,"href":"https:\/\/www.properaz.ch\/four-a-pain\/wp-json\/wp\/v2\/pages\/358\/revisions"}],"predecessor-version":[{"id":739,"href":"https:\/\/www.properaz.ch\/four-a-pain\/wp-json\/wp\/v2\/pages\/358\/revisions\/739"}],"wp:featuredmedia":[{"embeddable":true,"href":"https:\/\/www.properaz.ch\/four-a-pain\/wp-json\/wp\/v2\/media\/209"}],"wp:attachment":[{"href":"https:\/\/www.properaz.ch\/four-a-pain\/wp-json\/wp\/v2\/media?parent=358"}],"curies":[{"name":"wp","href":"https:\/\/api.w.org\/{rel}","templated":true}]}}